{"id":13301,"date":"2026-08-10T13:50:53","date_gmt":"2026-08-10T11:50:53","guid":{"rendered":"https:\/\/sljedzik.pl\/?post_type=product&#038;p=13301"},"modified":"2026-08-10T13:50:53","modified_gmt":"2026-08-10T11:50:53","slug":"palac-branickich-czarna","status":"publish","type":"product","link":"https:\/\/sljedzik.pl\/index.php\/produkt\/palac-branickich-czarna\/","title":{"rendered":"&#8220;Pa\u0142ac Branickich&#8221; czarna"},"content":{"rendered":"<p>Torba z bawe\u0142nianej sur\u00f3wki w kolorze czarnym z bia\u0142ym nadrukiem przedstawiaj\u0105cym pa\u0142ac Branickich w Bia\u0142ymstoku. Wymiary torby 38 x 41 cm, r\u0105czki 63 cm.<\/p>\n","protected":false},"excerpt":{"rendered":"<p>Torba z bawe\u0142nianej sur\u00f3wki w kolorze czarnym z bia\u0142ym nadrukiem przedstawiaj\u0105cym pa\u0142ac Branickich w Bia\u0142ymstoku. Wymiary torby 38 x 41 cm, r\u0105czki 63 cm.<\/p>\n","protected":false},"featured_media":13297,"comment_status":"open","ping_status":"closed","template":"","meta":[],"product_brand":[],"product_cat":[257],"product_tag":[],"class_list":["post-13301","product","type-product","status-publish","has-post-thumbnail","product_cat-tekstylia","first","instock","shipping-taxable","purchasable","product-type-simple"],"_links":{"self":[{"href":"https:\/\/sljedzik.pl\/index.php\/wp-json\/wp\/v2\/product\/13301","targetHints":{"allow":["GET"]}}],"collection":[{"href":"https:\/\/sljedzik.pl\/index.php\/wp-json\/wp\/v2\/product"}],"about":[{"href":"https:\/\/sljedzik.pl\/index.php\/wp-json\/wp\/v2\/types\/product"}],"replies":[{"embeddable":true,"href":"https:\/\/sljedzik.pl\/index.php\/wp-json\/wp\/v2\/comments?post=13301"}],"version-history":[{"count":1,"href":"https:\/\/sljedzik.pl\/index.php\/wp-json\/wp\/v2\/product\/13301\/revisions"}],"predecessor-version":[{"id":13302,"href":"https:\/\/sljedzik.pl\/index.php\/wp-json\/wp\/v2\/product\/13301\/revisions\/13302"}],"wp:featuredmedia":[{"embeddable":true,"href":"https:\/\/sljedzik.pl\/index.php\/wp-json\/wp\/v2\/media\/13297"}],"wp:attachment":[{"href":"https:\/\/sljedzik.pl\/index.php\/wp-json\/wp\/v2\/media?parent=13301"}],"wp:term":[{"taxonomy":"product_brand","embeddable":true,"href":"https:\/\/sljedzik.pl\/index.php\/wp-json\/wp\/v2\/product_brand?post=13301"},{"taxonomy":"product_cat","embeddable":true,"href":"https:\/\/sljedzik.pl\/index.php\/wp-json\/wp\/v2\/product_cat?post=13301"},{"taxonomy":"product_tag","embeddable":true,"href":"https:\/\/sljedzik.pl\/index.php\/wp-json\/wp\/v2\/product_tag?post=13301"}],"curies":[{"name":"wp","href":"https:\/\/api.w.org\/{rel}","templated":true}]}}

&#8220;Pałac Branickich&#8221; czarna

<p>Torba z bawełnianej surówki w kolorze czarnym z białym nadrukiem przedstawiającym pałac Branickich w Białymstoku. Wymiary torby 38 x 41 cm, rączki 63 cm.</p>
